{"id":86,"date":"2012-11-14T22:07:19","date_gmt":"2012-11-14T21:07:19","guid":{"rendered":"http:\/\/blog.diocesisciudadrodrigo.org\/?page_id=29"},"modified":"2020-09-30T11:44:58","modified_gmt":"2020-09-30T09:44:58","slug":"pastoral-social","status":"publish","type":"page","link":"https:\/\/www.diocesisciudadrodrigo.org\/blog4\/delegaciones\/pastoral-social\/","title":{"rendered":"Pastoral social"},"content":{"rendered":"<h2><span style=\"color: #0000ff;\"><strong>Caritas Diocesana<\/strong><\/span><\/h2>\n<p style=\"text-align: justify;\"><img loading=\"lazy\" decoding=\"async\" class=\"size-thumbnail wp-image-366 alignright\" title=\"Caritas Ciudad Rodrigo\" src=\"http:\/\/www.diocesisciudadrodrigo.org\/blog3\/wp-content\/uploads\/2012\/11\/caritas_cr_logo-150x150.jpg\" alt=\"\" width=\"150\" height=\"150\" \/>Caritas es el organismo oficial de la Iglesia para la acci\u00f3n caritativo-social en sus diversos niveles (parroquial, diocesano, regional, nacional e internacional). As\u00ed, Caritas Diocesana de Ciudad Rodrigo, desde 1965, es la organizaci\u00f3n de la di\u00f3cesis que pretende dar una respuesta a las realidades de pobreza y exclusi\u00f3n social desde tres dimensiones:<\/p>\n<ul>\n<li>acogida y acompa\u00f1amiento para cada persona necesitada.<\/li>\n<li>promoci\u00f3n e integraci\u00f3n a trav\u00e9s de los diferentes programas dirigidos a grupos con especiales dificultades: parados, drogodependientes, personas sin hogar, presos, enfermos de sida, ni\u00f1os, j\u00f3venes, mujeres, inmigrantes, etc.<\/li>\n<li>compromiso a favor de los empobrecidos y excluidos a trav\u00e9s de formaci\u00f3n, sensibilizaci\u00f3n y denuncia, destinada a toda la sociedad y a la comunidad cristiana.<\/li>\n<\/ul>\n<p>Una de las principales se\u00f1as de identidad de C\u00e1ritas es su apuesta por el voluntariado, entendido como proceso vivo, que se construye en y con nuestra vida. Entendemos el voluntariado como un \u00abtalante de vida\u00bb. Trabajar por la justicia social debe implicar a la persona comprometida en todas las facetas de su vida. Los voluntarios de C\u00e1ritas desarrollan acciones de diversa \u00edndole: acompa\u00f1amiento a mayores, inmigrantes, refuerzo escolar y actividades de ocio, inserci\u00f3n laboral, talleres, formaci\u00f3n, animaci\u00f3n comunitaria, acogida, proyecto transfronterizo e interdiocesano con las C\u00e1ritas de Salamanca y Guarda, etc.<\/p>\n<blockquote><p>Delegado episcopal: D\u00f1a. Mar\u00eda Paz Diago N\u00fa\u00f1ez<\/p>\n<p>Directora: D\u00f1a. Mar\u00eda del Mar Manzano Castro<\/p>\n<p>Tesorero: D. Juan Antonio Pere\u00f1a D\u00edez<\/p>\n<p>Email:\u00a0 cd.ciudadrodrigo@caritas.es<\/p>\n<p>Web: <a href=\"http:\/\/www.caritas.es\/ciudadrodrigo\/\" target=\"_blank\" rel=\"noopener noreferrer\">www.caritas.es\/ciudadrodrigo<\/a><\/p>\n<p>D\u00edez Taravilla, 4 y 6<\/p>\n<p>37500 CIUDAD RODRIGO<\/p>\n<p>T1f. 923 46 06 93 \/ 682 322 058<\/p>\n<p>FAX 923 48 05 07<\/p><\/blockquote>\n<p>&nbsp;<\/p>\n<p style=\"text-align: center;\"><a href=\"http:\/\/www.caritas.es\/ciudadrodrigo\/\"><img loading=\"lazy\" decoding=\"async\" class=\"wp-image-362 aligncenter\" title=\"Caritas Ciudad Rodrigo\" src=\"http:\/\/www.diocesisciudadrodrigo.org\/blog3\/wp-content\/uploads\/2012\/11\/caritas_cr-800x712.jpg\" alt=\"\" width=\"414\" height=\"368\" \/><\/a><\/p>\n<p>&nbsp;<\/p>\n<h3 style=\"text-align: center;\"><a href=\"http:\/\/www.caritas.es\/ciudadrodrigo\/\" target=\"_blank\" rel=\"noopener noreferrer\">http:\/\/www.caritas.es\/ciudadrodrigo\/<\/a><\/h3>\n<p>&nbsp;<\/p>\n<h3><span style=\"color: #993300;\">CENTROS ASISTENCIALES DE LA IGLESIA<\/span><\/h3>\n<p>&nbsp;<\/p>\n<blockquote><p>Casa Sacerdotal Diocesana:<\/p>\n<p>Director: D. Prudencio Manchado Vicente<\/p>\n<p>Plaza de Herrasti, 2<\/p>\n<p>37500 CIUDAD RODRIGO<\/p>\n<p>Tlf. 923 48 00 40.<\/p><\/blockquote>\n<p>&nbsp;<\/p>\n<blockquote><p>Residencia de Ancianos \u00abSan Jos\u00e9\u00bb<\/p>\n<p>(Hermanitas de los A. Desamparados)<\/p>\n<p>Plaza de El Pozo, 1<\/p>\n<p>37500 CIUDAD RODRIGO<\/p>\n<p>Tlf. 923 46 06 04<\/p><\/blockquote>\n<p>&nbsp;<\/p>\n<blockquote><p>Residencia de Ancianos \u00abSan Sebasti\u00e1n\u00bb<\/p>\n<p>(Congregaci\u00f3n Apost\u00f3lica Marta y Mar\u00eda)<\/p>\n<p>Grande s\/n<\/p>\n<p>37258 VILVESTRE<\/p>\n<p>Tlf. 923 52 47 86<\/p><\/blockquote>\n<p>&nbsp;<\/p>\n<blockquote><p>Residencia de Ancianos \u00abLa Divina Pastora\u00bb<\/p>\n<p>(Misioneras del Buen Pastor)<\/p>\n<p>Avda. de Portugal, 3 y 5<\/p>\n<p>37541 CASILLAS DE FLORES<\/p>\n<p>Tlf. 923 48 88 52.<\/p><\/blockquote>\n<p>&nbsp;<\/p>\n<blockquote><p>Residencia de Ancianos \u00abSan Jos\u00e9\u00bb<\/p>\n<p>(Congregaci\u00f3n Apost\u00f3lica Marta y Mar\u00eda)<\/p>\n<p>C\/Larga, 20<\/p>\n<p>37272 FUENTELIANTE<\/p>\n<p>Tfnos.: 923 50 62 28 &#8211; 923 50 63 81<\/p>\n<p>&nbsp;<\/p><\/blockquote>\n<p>&nbsp;<\/p>\n<h3><span style=\"color: #993300;\">CENTROS ASISTENCIALES CIVILES CON PRESENCIA DE LA IGLESIA<\/span><\/h3>\n<p>&nbsp;<\/p>\n<blockquote><p>Hospital de la Pasi\u00f3n y Residencia \u00abVirgen de la Salud\u00bb<\/p>\n<p>(Siervas de Mar\u00eda)<\/p>\n<p>Sinagoga s\/n<\/p>\n<p>37500 CIUDAD RODRIGO<\/p>\n<p>Tlf. 923 46 00 46<\/p><\/blockquote>\n<p>&nbsp;<\/p>\n<blockquote><p>Residencia Mixta y Provincial<\/p>\n<p>(Excma. Diputaci\u00f3n Provincial de Salamanca)<\/p>\n<p>Hospicio, 2<\/p>\n<p>37500 CIUDAD RODRIGO<\/p>\n<p>Tlf. 923 46 09 08 y 923 46 05 98<\/p><\/blockquote>\n<p>&nbsp;<\/p>\n<blockquote><p>Residencia \u00abSanta Rita\u00bb<\/p>\n<p>(Excma. Diputaci\u00f3n Provincial de Salamanca)<\/p>\n<p>San Vicente de Paul s\/n<\/p>\n<p>37240 LUMBRALES<\/p>\n<p>Tlf. 923 51 22 33<\/p><\/blockquote>\n<p>&nbsp;<\/p>\n<blockquote><p>Residencia de Ancianos \u00abVirgen de los Caballeros\u00bb<\/p>\n<p>Conejal, 15<\/p>\n<p>37260 VILLAVIEJA DE YELTES<\/p>\n<p>Tlf. 923 51 94 90<\/p><\/blockquote>\n","protected":false},"excerpt":{"rendered":"<p>Caritas Diocesana Caritas es el organismo oficial de la Iglesia para la acci\u00f3n caritativo-social en sus diversos niveles (parroquial, diocesano, regional, nacional e internacional). As\u00ed, Caritas Diocesana de Ciudad Rodrigo, &#8230; <\/p>\n<p class=\"read-more-container\"><a title=\"Pastoral social\" class=\"read-more button\" href=\"https:\/\/www.diocesisciudadrodrigo.org\/blog4\/delegaciones\/pastoral-social\/#more-86\" aria-label=\"M\u00e1s en Pastoral social\">Leer m\u00e1s &#8230;<\/a><\/p>\n","protected":false},"author":1,"featured_media":0,"parent":7927,"menu_order":14,"comment_status":"closed","ping_status":"closed","template":"","meta":{"footnotes":""},"class_list":["post-86","page","type-page","status-publish"],"yoast_head":"<!-- This site is optimized with the Yoast SEO plugin v27.3 - https:\/\/yoast.com\/product\/yoast-seo-wordpress\/ -->\n<title>Pastoral social - Di\u00f3cesis de Ciudad Rodrigo<\/title>\n<meta name=\"robots\" content=\"index, follow, max-snippet:-1, max-image-preview:large, max-video-preview:-1\" \/>\n<link rel=\"canonical\" href=\"https:\/\/www.diocesisciudadrodrigo.org\/blog4\/delegaciones\/pastoral-social\/\" \/>\n<meta property=\"og:locale\" content=\"es_ES\" \/>\n<meta property=\"og:type\" content=\"article\" \/>\n<meta property=\"og:title\" content=\"Pastoral social - Di\u00f3cesis de Ciudad Rodrigo\" \/>\n<meta property=\"og:description\" content=\"Caritas Diocesana Caritas es el organismo oficial de la Iglesia para la acci\u00f3n caritativo-social en sus diversos niveles (parroquial, diocesano, regional, nacional e internacional). As\u00ed, Caritas Diocesana de Ciudad Rodrigo, ... Leer m\u00e1s ...\" \/>\n<meta property=\"og:url\" content=\"https:\/\/www.diocesisciudadrodrigo.org\/blog4\/delegaciones\/pastoral-social\/\" \/>\n<meta property=\"og:site_name\" content=\"Di\u00f3cesis de Ciudad Rodrigo\" \/>\n<meta property=\"article:publisher\" content=\"https:\/\/www.facebook.com\/people\/Dicesis-Ciudad-Rodrigo-MCS\/100076471923419\/#\" \/>\n<meta property=\"article:modified_time\" content=\"2020-09-30T09:44:58+00:00\" \/>\n<meta name=\"twitter:card\" content=\"summary_large_image\" \/>\n<meta name=\"twitter:label1\" content=\"Tiempo de lectura\" \/>\n\t<meta name=\"twitter:data1\" content=\"2 minutos\" \/>\n<script type=\"application\/ld+json\" class=\"yoast-schema-graph\">{\"@context\":\"https:\\\/\\\/schema.org\",\"@graph\":[{\"@type\":\"WebPage\",\"@id\":\"https:\\\/\\\/www.diocesisciudadrodrigo.org\\\/blog4\\\/delegaciones\\\/pastoral-social\\\/\",\"url\":\"https:\\\/\\\/www.diocesisciudadrodrigo.org\\\/blog4\\\/delegaciones\\\/pastoral-social\\\/\",\"name\":\"Pastoral social - Di\u00f3cesis de Ciudad Rodrigo\",\"isPartOf\":{\"@id\":\"https:\\\/\\\/www.diocesisciudadrodrigo.org\\\/blog4\\\/#website\"},\"primaryImageOfPage\":{\"@id\":\"https:\\\/\\\/www.diocesisciudadrodrigo.org\\\/blog4\\\/delegaciones\\\/pastoral-social\\\/#primaryimage\"},\"image\":{\"@id\":\"https:\\\/\\\/www.diocesisciudadrodrigo.org\\\/blog4\\\/delegaciones\\\/pastoral-social\\\/#primaryimage\"},\"thumbnailUrl\":\"http:\\\/\\\/www.diocesisciudadrodrigo.org\\\/blog3\\\/wp-content\\\/uploads\\\/2012\\\/11\\\/caritas_cr_logo-150x150.jpg\",\"datePublished\":\"2012-11-14T21:07:19+00:00\",\"dateModified\":\"2020-09-30T09:44:58+00:00\",\"breadcrumb\":{\"@id\":\"https:\\\/\\\/www.diocesisciudadrodrigo.org\\\/blog4\\\/delegaciones\\\/pastoral-social\\\/#breadcrumb\"},\"inLanguage\":\"es\",\"potentialAction\":[{\"@type\":\"ReadAction\",\"target\":[\"https:\\\/\\\/www.diocesisciudadrodrigo.org\\\/blog4\\\/delegaciones\\\/pastoral-social\\\/\"]}]},{\"@type\":\"ImageObject\",\"inLanguage\":\"es\",\"@id\":\"https:\\\/\\\/www.diocesisciudadrodrigo.org\\\/blog4\\\/delegaciones\\\/pastoral-social\\\/#primaryimage\",\"url\":\"http:\\\/\\\/www.diocesisciudadrodrigo.org\\\/blog3\\\/wp-content\\\/uploads\\\/2012\\\/11\\\/caritas_cr_logo-150x150.jpg\",\"contentUrl\":\"http:\\\/\\\/www.diocesisciudadrodrigo.org\\\/blog3\\\/wp-content\\\/uploads\\\/2012\\\/11\\\/caritas_cr_logo-150x150.jpg\"},{\"@type\":\"BreadcrumbList\",\"@id\":\"https:\\\/\\\/www.diocesisciudadrodrigo.org\\\/blog4\\\/delegaciones\\\/pastoral-social\\\/#breadcrumb\",\"itemListElement\":[{\"@type\":\"ListItem\",\"position\":1,\"name\":\"Portada\",\"item\":\"https:\\\/\\\/www.diocesisciudadrodrigo.org\\\/blog4\\\/\"},{\"@type\":\"ListItem\",\"position\":2,\"name\":\"Delegaciones\",\"item\":\"https:\\\/\\\/www.diocesisciudadrodrigo.org\\\/blog4\\\/delegaciones\\\/\"},{\"@type\":\"ListItem\",\"position\":3,\"name\":\"Pastoral social\"}]},{\"@type\":\"WebSite\",\"@id\":\"https:\\\/\\\/www.diocesisciudadrodrigo.org\\\/blog4\\\/#website\",\"url\":\"https:\\\/\\\/www.diocesisciudadrodrigo.org\\\/blog4\\\/\",\"name\":\"Di\u00f3cesis de Ciudad Rodrigo\",\"description\":\"Sitio web oficial de la di\u00f3cesis civitatense\",\"publisher\":{\"@id\":\"https:\\\/\\\/www.diocesisciudadrodrigo.org\\\/blog4\\\/#organization\"},\"potentialAction\":[{\"@type\":\"SearchAction\",\"target\":{\"@type\":\"EntryPoint\",\"urlTemplate\":\"https:\\\/\\\/www.diocesisciudadrodrigo.org\\\/blog4\\\/?s={search_term_string}\"},\"query-input\":{\"@type\":\"PropertyValueSpecification\",\"valueRequired\":true,\"valueName\":\"search_term_string\"}}],\"inLanguage\":\"es\"},{\"@type\":\"Organization\",\"@id\":\"https:\\\/\\\/www.diocesisciudadrodrigo.org\\\/blog4\\\/#organization\",\"name\":\"Di\u00f3cesis de Ciudad Rodrigo\",\"url\":\"https:\\\/\\\/www.diocesisciudadrodrigo.org\\\/blog4\\\/\",\"logo\":{\"@type\":\"ImageObject\",\"inLanguage\":\"es\",\"@id\":\"https:\\\/\\\/www.diocesisciudadrodrigo.org\\\/blog4\\\/#\\\/schema\\\/logo\\\/image\\\/\",\"url\":\"https:\\\/\\\/www.diocesisciudadrodrigo.org\\\/blog4\\\/wp-content\\\/uploads\\\/2024\\\/12\\\/Diocesis.CMYK_-768x480-1.jpg\",\"contentUrl\":\"https:\\\/\\\/www.diocesisciudadrodrigo.org\\\/blog4\\\/wp-content\\\/uploads\\\/2024\\\/12\\\/Diocesis.CMYK_-768x480-1.jpg\",\"width\":768,\"height\":480,\"caption\":\"Di\u00f3cesis de Ciudad Rodrigo\"},\"image\":{\"@id\":\"https:\\\/\\\/www.diocesisciudadrodrigo.org\\\/blog4\\\/#\\\/schema\\\/logo\\\/image\\\/\"},\"sameAs\":[\"https:\\\/\\\/www.facebook.com\\\/people\\\/Dicesis-Ciudad-Rodrigo-MCS\\\/100076471923419\\\/#\"]}]}<\/script>\n<!-- \/ Yoast SEO plugin. -->","yoast_head_json":{"title":"Pastoral social - Di\u00f3cesis de Ciudad Rodrigo","robots":{"index":"index","follow":"follow","max-snippet":"max-snippet:-1","max-image-preview":"max-image-preview:large","max-video-preview":"max-video-preview:-1"},"canonical":"https:\/\/www.diocesisciudadrodrigo.org\/blog4\/delegaciones\/pastoral-social\/","og_locale":"es_ES","og_type":"article","og_title":"Pastoral social - Di\u00f3cesis de Ciudad Rodrigo","og_description":"Caritas Diocesana Caritas es el organismo oficial de la Iglesia para la acci\u00f3n caritativo-social en sus diversos niveles (parroquial, diocesano, regional, nacional e internacional). As\u00ed, Caritas Diocesana de Ciudad Rodrigo, ... Leer m\u00e1s ...","og_url":"https:\/\/www.diocesisciudadrodrigo.org\/blog4\/delegaciones\/pastoral-social\/","og_site_name":"Di\u00f3cesis de Ciudad Rodrigo","article_publisher":"https:\/\/www.facebook.com\/people\/Dicesis-Ciudad-Rodrigo-MCS\/100076471923419\/#","article_modified_time":"2020-09-30T09:44:58+00:00","twitter_card":"summary_large_image","twitter_misc":{"Tiempo de lectura":"2 minutos"},"schema":{"@context":"https:\/\/schema.org","@graph":[{"@type":"WebPage","@id":"https:\/\/www.diocesisciudadrodrigo.org\/blog4\/delegaciones\/pastoral-social\/","url":"https:\/\/www.diocesisciudadrodrigo.org\/blog4\/delegaciones\/pastoral-social\/","name":"Pastoral social - Di\u00f3cesis de Ciudad Rodrigo","isPartOf":{"@id":"https:\/\/www.diocesisciudadrodrigo.org\/blog4\/#website"},"primaryImageOfPage":{"@id":"https:\/\/www.diocesisciudadrodrigo.org\/blog4\/delegaciones\/pastoral-social\/#primaryimage"},"image":{"@id":"https:\/\/www.diocesisciudadrodrigo.org\/blog4\/delegaciones\/pastoral-social\/#primaryimage"},"thumbnailUrl":"http:\/\/www.diocesisciudadrodrigo.org\/blog3\/wp-content\/uploads\/2012\/11\/caritas_cr_logo-150x150.jpg","datePublished":"2012-11-14T21:07:19+00:00","dateModified":"2020-09-30T09:44:58+00:00","breadcrumb":{"@id":"https:\/\/www.diocesisciudadrodrigo.org\/blog4\/delegaciones\/pastoral-social\/#breadcrumb"},"inLanguage":"es","potentialAction":[{"@type":"ReadAction","target":["https:\/\/www.diocesisciudadrodrigo.org\/blog4\/delegaciones\/pastoral-social\/"]}]},{"@type":"ImageObject","inLanguage":"es","@id":"https:\/\/www.diocesisciudadrodrigo.org\/blog4\/delegaciones\/pastoral-social\/#primaryimage","url":"http:\/\/www.diocesisciudadrodrigo.org\/blog3\/wp-content\/uploads\/2012\/11\/caritas_cr_logo-150x150.jpg","contentUrl":"http:\/\/www.diocesisciudadrodrigo.org\/blog3\/wp-content\/uploads\/2012\/11\/caritas_cr_logo-150x150.jpg"},{"@type":"BreadcrumbList","@id":"https:\/\/www.diocesisciudadrodrigo.org\/blog4\/delegaciones\/pastoral-social\/#breadcrumb","itemListElement":[{"@type":"ListItem","position":1,"name":"Portada","item":"https:\/\/www.diocesisciudadrodrigo.org\/blog4\/"},{"@type":"ListItem","position":2,"name":"Delegaciones","item":"https:\/\/www.diocesisciudadrodrigo.org\/blog4\/delegaciones\/"},{"@type":"ListItem","position":3,"name":"Pastoral social"}]},{"@type":"WebSite","@id":"https:\/\/www.diocesisciudadrodrigo.org\/blog4\/#website","url":"https:\/\/www.diocesisciudadrodrigo.org\/blog4\/","name":"Di\u00f3cesis de Ciudad Rodrigo","description":"Sitio web oficial de la di\u00f3cesis civitatense","publisher":{"@id":"https:\/\/www.diocesisciudadrodrigo.org\/blog4\/#organization"},"potentialAction":[{"@type":"SearchAction","target":{"@type":"EntryPoint","urlTemplate":"https:\/\/www.diocesisciudadrodrigo.org\/blog4\/?s={search_term_string}"},"query-input":{"@type":"PropertyValueSpecification","valueRequired":true,"valueName":"search_term_string"}}],"inLanguage":"es"},{"@type":"Organization","@id":"https:\/\/www.diocesisciudadrodrigo.org\/blog4\/#organization","name":"Di\u00f3cesis de Ciudad Rodrigo","url":"https:\/\/www.diocesisciudadrodrigo.org\/blog4\/","logo":{"@type":"ImageObject","inLanguage":"es","@id":"https:\/\/www.diocesisciudadrodrigo.org\/blog4\/#\/schema\/logo\/image\/","url":"https:\/\/www.diocesisciudadrodrigo.org\/blog4\/wp-content\/uploads\/2024\/12\/Diocesis.CMYK_-768x480-1.jpg","contentUrl":"https:\/\/www.diocesisciudadrodrigo.org\/blog4\/wp-content\/uploads\/2024\/12\/Diocesis.CMYK_-768x480-1.jpg","width":768,"height":480,"caption":"Di\u00f3cesis de Ciudad Rodrigo"},"image":{"@id":"https:\/\/www.diocesisciudadrodrigo.org\/blog4\/#\/schema\/logo\/image\/"},"sameAs":["https:\/\/www.facebook.com\/people\/Dicesis-Ciudad-Rodrigo-MCS\/100076471923419\/#"]}]}},"_links":{"self":[{"href":"https:\/\/www.diocesisciudadrodrigo.org\/blog4\/wp-json\/wp\/v2\/pages\/86","targetHints":{"allow":["GET"]}}],"collection":[{"href":"https:\/\/www.diocesisciudadrodrigo.org\/blog4\/wp-json\/wp\/v2\/pages"}],"about":[{"href":"https:\/\/www.diocesisciudadrodrigo.org\/blog4\/wp-json\/wp\/v2\/types\/page"}],"author":[{"embeddable":true,"href":"https:\/\/www.diocesisciudadrodrigo.org\/blog4\/wp-json\/wp\/v2\/users\/1"}],"replies":[{"embeddable":true,"href":"https:\/\/www.diocesisciudadrodrigo.org\/blog4\/wp-json\/wp\/v2\/comments?post=86"}],"version-history":[{"count":6,"href":"https:\/\/www.diocesisciudadrodrigo.org\/blog4\/wp-json\/wp\/v2\/pages\/86\/revisions"}],"predecessor-version":[{"id":14078,"href":"https:\/\/www.diocesisciudadrodrigo.org\/blog4\/wp-json\/wp\/v2\/pages\/86\/revisions\/14078"}],"up":[{"embeddable":true,"href":"https:\/\/www.diocesisciudadrodrigo.org\/blog4\/wp-json\/wp\/v2\/pages\/7927"}],"wp:attachment":[{"href":"https:\/\/www.diocesisciudadrodrigo.org\/blog4\/wp-json\/wp\/v2\/media?parent=86"}],"curies":[{"name":"wp","href":"https:\/\/api.w.org\/{rel}","templated":true}]}}