{"id":5380,"date":"2016-11-26T15:22:04","date_gmt":"2016-11-26T14:22:04","guid":{"rendered":"http:\/\/www.diocesisciudadrodrigo.org\/blog3\/wp-content\/uploads\/2016\/11\/Silvia-Libro-Hermanos-garc\u00eda-S\u00e1nchez.jpg"},"modified":"2016-11-26T15:22:04","modified_gmt":"2016-11-26T14:22:04","slug":"silvia-libro-hermanos-garcia-sanchez","status":"inherit","type":"attachment","link":"https:\/\/www.diocesisciudadrodrigo.org\/blog3\/festividad-de-san-cayetano-2\/silvia-libro-hermanos-garcia-sanchez\/#main","title":{"rendered":"silvia-libro-hermanos-garcia-sanchez"},"author":4,"comment_status":"closed","ping_status":"closed","template":"","meta":[],"description":{"rendered":"<p class=\"attachment\"><a href='https:\/\/www.diocesisciudadrodrigo.org\/blog3\/wp-content\/uploads\/2016\/11\/Silvia-Libro-Hermanos-garc\u00eda-S\u00e1nchez.jpg'><img width=\"300\" height=\"199\" src=\"https:\/\/www.diocesisciudadrodrigo.org\/blog3\/wp-content\/uploads\/2016\/11\/Silvia-Libro-Hermanos-garc\u00eda-S\u00e1nchez-300x199.jpg\" class=\"attachment-medium size-medium\" alt=\"\" loading=\"lazy\" srcset=\"https:\/\/www.diocesisciudadrodrigo.org\/blog3\/wp-content\/uploads\/2016\/11\/Silvia-Libro-Hermanos-garc\u00eda-S\u00e1nchez-300x199.jpg 300w, https:\/\/www.diocesisciudadrodrigo.org\/blog3\/wp-content\/uploads\/2016\/11\/Silvia-Libro-Hermanos-garc\u00eda-S\u00e1nchez-800x531.jpg 800w\" sizes=\"(max-width: 300px) 100vw, 300px\" \/><\/a><\/p>\n"},"caption":{"rendered":""},"alt_text":"","media_type":"image","mime_type":"image\/jpeg","media_details":{"width":4288,"height":2848,"file":"2016\/11\/Silvia-Libro-Hermanos-garc\u00eda-S\u00e1nchez.jpg","sizes":{"thumbnail":{"file":"Silvia-Libro-Hermanos-garc\u00eda-S\u00e1nchez-150x150.jpg","width":150,"height":150,"mime_type":"image\/jpeg","source_url":"https:\/\/www.diocesisciudadrodrigo.org\/blog3\/wp-content\/uploads\/2016\/11\/Silvia-Libro-Hermanos-garc\u00eda-S\u00e1nchez-150x150.jpg"},"medium":{"file":"Silvia-Libro-Hermanos-garc\u00eda-S\u00e1nchez-300x199.jpg","width":300,"height":199,"mime_type":"image\/jpeg","source_url":"https:\/\/www.diocesisciudadrodrigo.org\/blog3\/wp-content\/uploads\/2016\/11\/Silvia-Libro-Hermanos-garc\u00eda-S\u00e1nchez-300x199.jpg"},"large":{"file":"Silvia-Libro-Hermanos-garc\u00eda-S\u00e1nchez-800x531.jpg","width":800,"height":531,"mime_type":"image\/jpeg","source_url":"https:\/\/www.diocesisciudadrodrigo.org\/blog3\/wp-content\/uploads\/2016\/11\/Silvia-Libro-Hermanos-garc\u00eda-S\u00e1nchez-800x531.jpg"},"rpwe-thumbnail":{"file":"Silvia-Libro-Hermanos-garc\u00eda-S\u00e1nchez-45x45.jpg","width":45,"height":45,"mime_type":"image\/jpeg","source_url":"https:\/\/www.diocesisciudadrodrigo.org\/blog3\/wp-content\/uploads\/2016\/11\/Silvia-Libro-Hermanos-garc\u00eda-S\u00e1nchez-45x45.jpg"},"full":{"file":"Silvia-Libro-Hermanos-garc\u00eda-S\u00e1nchez.jpg","width":4288,"height":2848,"mime_type":"image\/jpeg","source_url":"https:\/\/www.diocesisciudadrodrigo.org\/blog3\/wp-content\/uploads\/2016\/11\/Silvia-Libro-Hermanos-garc\u00eda-S\u00e1nchez.jpg"}},"image_meta":{"aperture":2.8,"credit":"CASAMAR","camera":"NIKON D300S","caption":"","created_timestamp":1480165469,"copyright":"","focal_length":"17","iso":"800","shutter_speed":"0.01","title":"","orientation":1}},"post":5379,"source_url":"https:\/\/www.diocesisciudadrodrigo.org\/blog3\/wp-content\/uploads\/2016\/11\/Silvia-Libro-Hermanos-garc\u00eda-S\u00e1nchez.jpg","_links":{"self":[{"href":"https:\/\/www.diocesisciudadrodrigo.org\/blog3\/wp-json\/wp\/v2\/media\/5380"}],"collection":[{"href":"https:\/\/www.diocesisciudadrodrigo.org\/blog3\/wp-json\/wp\/v2\/media"}],"about":[{"href":"https:\/\/www.diocesisciudadrodrigo.org\/blog3\/wp-json\/wp\/v2\/types\/attachment"}],"author":[{"embeddable":true,"href":"https:\/\/www.diocesisciudadrodrigo.org\/blog3\/wp-json\/wp\/v2\/users\/4"}],"replies":[{"embeddable":true,"href":"https:\/\/www.diocesisciudadrodrigo.org\/blog3\/wp-json\/wp\/v2\/comments?post=5380"}]}}

http://www.diocesisciudadrodrigo.org/blog3/wp-content/uploads/2016/11/Silvia-Libro-Hermanos-garcía-Sánchez.jpg

<p class="attachment"><a href='https://www.diocesisciudadrodrigo.org/blog3/wp-content/uploads/2016/11/Silvia-Libro-Hermanos-garcía-Sánchez.jpg'><img width="300" height="199" src="https://www.diocesisciudadrodrigo.org/blog3/wp-content/uploads/2016/11/Silvia-Libro-Hermanos-garcía-Sánchez-300x199.jpg" class="attachment-medium size-medium" alt="" loading="lazy" srcset="https://www.diocesisciudadrodrigo.org/blog3/wp-content/uploads/2016/11/Silvia-Libro-Hermanos-garcía-Sánchez-300x199.jpg 300w, https://www.diocesisciudadrodrigo.org/blog3/wp-content/uploads/2016/11/Silvia-Libro-Hermanos-garcía-Sánchez-800x531.jpg 800w" sizes="(max-width: 300px) 100vw, 300px" /></a></p>

2016/11/Silvia-Libro-Hermanos-garcía-Sánchez.jpg

Silvia-Libro-Hermanos-garcía-Sánchez-150x150.jpg

https://www.diocesisciudadrodrigo.org/blog3/wp-content/uploads/2016/11/Silvia-Libro-Hermanos-garcía-Sánchez-150x150.jpg

Silvia-Libro-Hermanos-garcía-Sánchez-300x199.jpg

https://www.diocesisciudadrodrigo.org/blog3/wp-content/uploads/2016/11/Silvia-Libro-Hermanos-garcía-Sánchez-300x199.jpg

Silvia-Libro-Hermanos-garcía-Sánchez-800x531.jpg

https://www.diocesisciudadrodrigo.org/blog3/wp-content/uploads/2016/11/Silvia-Libro-Hermanos-garcía-Sánchez-800x531.jpg

Silvia-Libro-Hermanos-garcía-Sánchez-45x45.jpg

https://www.diocesisciudadrodrigo.org/blog3/wp-content/uploads/2016/11/Silvia-Libro-Hermanos-garcía-Sánchez-45x45.jpg

Silvia-Libro-Hermanos-garcía-Sánchez.jpg

https://www.diocesisciudadrodrigo.org/blog3/wp-content/uploads/2016/11/Silvia-Libro-Hermanos-garcía-Sánchez.jpg
