{"id":3754,"date":"2015-09-08T20:00:59","date_gmt":"2015-09-08T20:00:59","guid":{"rendered":"http:\/\/www.diocesisciudadrodrigo.org\/blog3\/wp-content\/uploads\/2015\/09\/DSC_7583.jpg"},"modified":"2015-09-08T20:04:14","modified_gmt":"2015-09-08T20:04:14","slug":"dsc_7583","status":"inherit","type":"attachment","link":"https:\/\/www.diocesisciudadrodrigo.org\/blog3\/virgen-de-la-pena-de-francia\/dsc_7583\/#main","title":{"rendered":"DSC_7583"},"author":4,"comment_status":"closed","ping_status":"closed","template":"","meta":[],"description":{"rendered":"<p class=\"attachment\"><a href='https:\/\/www.diocesisciudadrodrigo.org\/blog3\/wp-content\/uploads\/2015\/09\/DSC_7583.jpg'><img width=\"300\" height=\"200\" src=\"https:\/\/www.diocesisciudadrodrigo.org\/blog3\/wp-content\/uploads\/2015\/09\/DSC_7583-300x200.jpg\" class=\"attachment-medium size-medium\" alt=\"\" loading=\"lazy\" srcset=\"https:\/\/www.diocesisciudadrodrigo.org\/blog3\/wp-content\/uploads\/2015\/09\/DSC_7583-300x200.jpg 300w, https:\/\/www.diocesisciudadrodrigo.org\/blog3\/wp-content\/uploads\/2015\/09\/DSC_7583-800x533.jpg 800w\" sizes=\"(max-width: 300px) 100vw, 300px\" \/><\/a><\/p>\n"},"caption":{"rendered":"<p>La parroquia de San Andr\u00e9s tambi\u00e9n honr\u00f3 a la Virgen. Ciudadrodrigo.net<\/p>\n"},"alt_text":"","media_type":"image","mime_type":"image\/jpeg","media_details":{"width":4608,"height":3072,"file":"2015\/09\/DSC_7583.jpg","sizes":{"thumbnail":{"file":"DSC_7583-150x150.jpg","width":150,"height":150,"mime_type":"image\/jpeg","source_url":"https:\/\/www.diocesisciudadrodrigo.org\/blog3\/wp-content\/uploads\/2015\/09\/DSC_7583-150x150.jpg"},"medium":{"file":"DSC_7583-300x200.jpg","width":300,"height":200,"mime_type":"image\/jpeg","source_url":"https:\/\/www.diocesisciudadrodrigo.org\/blog3\/wp-content\/uploads\/2015\/09\/DSC_7583-300x200.jpg"},"large":{"file":"DSC_7583-800x533.jpg","width":800,"height":533,"mime_type":"image\/jpeg","source_url":"https:\/\/www.diocesisciudadrodrigo.org\/blog3\/wp-content\/uploads\/2015\/09\/DSC_7583-800x533.jpg"},"rpwe-thumbnail":{"file":"DSC_7583-45x45.jpg","width":45,"height":45,"mime_type":"image\/jpeg","source_url":"https:\/\/www.diocesisciudadrodrigo.org\/blog3\/wp-content\/uploads\/2015\/09\/DSC_7583-45x45.jpg"},"full":{"file":"DSC_7583.jpg","width":4608,"height":3072,"mime_type":"image\/jpeg","source_url":"https:\/\/www.diocesisciudadrodrigo.org\/blog3\/wp-content\/uploads\/2015\/09\/DSC_7583.jpg"}},"image_meta":{"aperture":9,"credit":"","camera":"NIKON D3100","caption":"","created_timestamp":1441744329,"copyright":"","focal_length":"18","iso":"3200","shutter_speed":"0.00625","title":"","orientation":1}},"post":3751,"source_url":"https:\/\/www.diocesisciudadrodrigo.org\/blog3\/wp-content\/uploads\/2015\/09\/DSC_7583.jpg","_links":{"self":[{"href":"https:\/\/www.diocesisciudadrodrigo.org\/blog3\/wp-json\/wp\/v2\/media\/3754"}],"collection":[{"href":"https:\/\/www.diocesisciudadrodrigo.org\/blog3\/wp-json\/wp\/v2\/media"}],"about":[{"href":"https:\/\/www.diocesisciudadrodrigo.org\/blog3\/wp-json\/wp\/v2\/types\/attachment"}],"author":[{"embeddable":true,"href":"https:\/\/www.diocesisciudadrodrigo.org\/blog3\/wp-json\/wp\/v2\/users\/4"}],"replies":[{"embeddable":true,"href":"https:\/\/www.diocesisciudadrodrigo.org\/blog3\/wp-json\/wp\/v2\/comments?post=3754"}]}}

<p>La parroquia de San Andrés también honró a la Virgen. Ciudadrodrigo.net</p>
